e of 789?
True
Is 1796264 a multiple of 31?
True
Does 3 divide 83019?
True
Is 313815 a multiple of 26?
False
Is 386 a factor of 3645384?
True
Is 313 a factor of 6138243?
True
Is 284983 a multiple of 25?
False
Is 4 a factor of 173768?
True
Does 26 divide 18356?
True
Does 14 divide 8456?
True
Is 212457 a multiple of 188?
False
Is 19166268 a multiple of 19?
False
Is 189 a factor of 423927?
True
Does 97 divide 221821?
False
Is 2365600 a multiple of 32?
True
Does 183 divide 1001193?
True
Does 12 divide 13476?
True
Is 352 a factor of 101983?
False
Does 19 divide 127799?
False
Is 454860 a multiple of 9?
True
Is 113 a factor of 1403265?
False
Is 17578785 a multiple of 29?
True
Is 276439 a multiple of 14?
False
Is 421939 a multiple of 553?
True
Is 5 a factor of 1274887?
False
Is 28 a factor of 542679?
False
Is 5729355 a multiple of 57?
True
Is 1777596 a multiple of 12?
True
Is 28 a factor of 224112?
True
Is 453300 a multiple of 75?
True
Does 8 divide 73008?
True
Is 238 a factor of 1438472?
True
Does 9 divide 24795?
True
Is 1511583 a multiple of 261?
False
Is 379168 a multiple of 697?
True
Is 9 a factor of 131155?
False
Does 40 divide 175596?
False
Is 24726 a multiple of 78?
True
Is 647313 a multiple of 45?
False
Is 246525 a multiple of 519?
True
Is 243537 a multiple of 9?
False
Is 270984 a multiple of 28?
True
Is 1027 a factor of 721475?
False
Is 813105 a multiple of 22?
False
Is 1514465 a multiple of 142?
False
Is 12609730 a multiple of 665?
True
Is 302869 a multiple of 4?
False
Is 431044 a multiple of 23?
False
Is 653796 a multiple of 396?
True
Is 1672 a multiple of 44?
True
Is 55982 a multiple of 8?
False
Does 39 divide 163978?
False
Does 54 divide 3079?
False
Is 220 a factor of 4229940?
True
Is 32 a factor of 33632?
True
Does 759 divide 880077?
False
Is 11820 even?
True
Is 1962022 a multiple of 14?
False
Does 87 divide 299628?
True
Is 85182 a multiple of 185?
False
Does 22 divide 9108?
True
Is 5 a factor of 6482?
False
Is 1716918 a multiple of 129?
False
Does 4 divide 326176?
True
Is 44 a factor of 215330?
False
Is 8 a factor of 267308?
False
Is 23494 a multiple of 4?
False
Is 214 a factor of 22045?
False
Does 55 divide 296187?
False
Is 20 a factor of 701380?
True
Is 13 a factor of 2565215?
False
Does 10 divide 608030?
True
Does 2339 divide 1662287?
False
Is 165530 a multiple of 79?
False
Is 59136 a multiple of 7?
True
Does 459 divide 1837836?
True
Is 2237829 a multiple of 225?
False
Is 7362206 a multiple of 41?
True
Is 206105 a multiple of 51?
False
Does 286 divide 2254824?
True
Is 1313520 a multiple of 195?
True
Is 695 a factor of 26699273?
False
Does 16 divide 154582?
False
Does 21 divide 39228?
True
Does 156 divide 132426?
False
Does 20 divide 319080?
True
Is 1082 a factor of 1949764?
True
Is 46 a factor of 1228364?
False
Does 21 divide 13199550?
True
Is 25 a factor of 25758?
False
Does 46 divide 2887374?
True
Is 10 a factor of 10512366?
False
Is 4831720 a multiple of 1214?
True
Does 210 divide 4345004?
False
Is 31 a factor of 84444?
True
Does 106 divide 179101?
False
Is 24637723 a multiple of 634?
False
Is 9032977 a multiple of 26?
False
Does 166 divide 249727?
False
Does 367 divide 39636?
True
Is 146 a factor of 6303820?
False
Is 25 a factor of 215525?
True
Does 24 divide 1162437?
False
Does 9 divide 15859?
False
Is 110778 a multiple of 367?
False
Is 702428 a multiple of 2?
True
Is 48 a factor of 113621?
False
Does 428 divide 23740468?
False
Is 7 a factor of 692580?
True
Does 35 divide 1131990?
False
Is 71 a factor of 90271?
False
Is 240 a factor of 37842000?
True
Is 530515 a multiple of 31?
False
Does 159 divide 57072?
False
Is 177 a factor of 38586?
True
Is 9 a factor of 566655?
False
Does 148 divide 20870072?
True
Is 31 a factor of 109337?
True
Does 7 divide 133658?
True
Is 81548 a multiple of 29?
True
Does 57 divide 46626?
True
Is 1037386 a multiple of 23?
False
Is 314704 a multiple of 178?
True
Does 204 divide 15444228?
True
Does 10 divide 202383?
False
Is 476 a factor of 6184?
False
Is 430629 a multiple of 2?
False
Is 385368 a multiple of 12?
True
Does 59 divide 11545044?
False
Does 30 divide 399999?
False
Does 12 divide 70732?
False
Is 2868948 a multiple of 617?
False
Does 14 divide 13235609?
False
Is 23884 a multiple of 10?
False
Is 770890 a multiple of 57?
False
Is 106 a factor of 10870?
False
Does 20 divide 698280?
True
Is 1200906 a multiple of 162?
True
Does 25 divide 936730?
False
Is 12 a factor of 21938256?
True
Is 25094440 a multiple of 1484?
True
Does 173 divide 86811?
False
Does 9 divide 321295?
False
Does 381 divide 374142?
True
Is 11 a factor of 498573?
False
Is 21 a factor of 199185?
True
Is 295 a factor of 130438?
False
Does 17 divide 198203?
True
Does 223 divide 408346?
False
Does 21 divide 13375?
False
Is 772872 a multiple of 351?
False
Is 131 a factor of 19337071?
False
Does 19 divide 317240?
False
Is 31 a factor of 15394787?
False
Does 13 divide 794219?
False
Is 42390 a multiple of 18?
True
Does 15 divide 1556790?
True
Is 48 a factor of 1848407?
False
Does 3 divide 2275459?
False
Is 1050482 a multiple of 11?
False
Is 351663 a multiple of 13?
True
Is 68999 a multiple of 4?
False
Is 785528 a multiple of 83?
False
Does 40 divide 5873544?
False
Does 2 divide 25843?
False
Is 555379 a multiple of 121?
False
Is 29 a factor of 507724?
False
Is 205604 a multiple of 49?
True
Does 391 divide 1327601?
False
Is 353 a factor of 163439?
True
Is 521996 a multiple of 37?
True
Is 3 a factor of 54276?
True
Is 157676 a multiple of 12?
False
Is 80940 a multiple of 142?
True
Does 7 divide 12460?
True
Is 73763 a multiple of 17?
True
Does 10 divide 244730?
True
Is 955284 a multiple of 40?
False
Is 212 a factor of 11340092?
True
Is 10700 a multiple of 10?
True
Is 75 a factor of 249975?
True
Does 26 divide 43030?
True
Does 912 divide 6000048?
True
Is 277218 a multiple of 121?
False
Is 3 a factor of 42561?
True
Is 43 a factor of 209478?
False
Does 153 divide 2571777?
True
Is 1185883 a multiple of 31?
False
Does 80 divide 836480?
True
Is 57 a factor of 2339565?
True
Does 276 divide 1680564?
True
Is 405007 a multiple of 4?
False
Is 74 a factor of 26410001?
False
Does 198 divide 23951?
False
Does 9 divide 346626?
True
Is 455139 a multiple of 81?
True
Is 195 a factor of 28392?
False
Is 32968517 a multiple of 37?
True
Is 111 a factor of 779604?
False
Is 645316 a multiple of 388?
False
Is 18 a factor of 197643?
False
Does 104 divide 729144?
True
Is 60577 a multiple of 26?
False
Does 44 divide 12392336?
True
Is 1148400 a multiple of 240?
True
Is 7 a factor of 856135?
True
Is 507352 a multiple of 754?
False
Is 68 a factor of 388280?
True
Is 3048420 a multiple of 940?
True
Is 19 a factor of 91214?
False
Does 16 divide 8988339?
False
Is 183179 a multiple of 31?
True
Is 150 a factor of 110248?
False
Is 21 a factor of 5437216?
False
Does 13 divide 6799910?
True
Is 962747 a multiple of 129?
False
Is 9 a factor of 70137?
True
Is 9267195 a multiple of 193?
False
Is 3584220 a multiple of 31?
True
Is 67105 a multiple of 5?
True
Is 318 a factor of 865847?
False
Does 36 divide 151920?
True
Does 17 divide 1818364?
False
Is 16 a factor of 160960?
True
Does 9 divide 14158?
False
Is 1578255 a multiple of 7?
True
Does 248 divide 6446512?
True
Is 136728 a multiple of 36?
True
Is 1589659 a multiple of 127?
True
Does 562 divide 19108?
True
Is 663312 a multiple of 16?
True
Does 15 divide 1641330?
True
Is 827113 a multiple of 191?
False
Is 5000988 a multiple of 42?
False
Does 1691 divide 19916598?
True
Does 48 divide 48672?
True
Is 3424862 a multiple of 391?
False
Does 324 divide 482436?
True
Is 40 a factor of 160400?
True
Is 75 a factor of 2516700?
True
Does 277 divide 599428?
True
Does 16 divide 689712?
True
Does 9 divide 21211189?
False
Is 178 a factor of 139363?
False
Is 24 a factor of 200854?
False
Does 42 divide 386658?
False
Is 12014125 a multiple of 25?
True
Is 140 a factor of 905561?
False
Does 588 divide 2244396?
True
Is 15 a factor of 58305?
True
Is 242858 a multiple of 418?
True
Does 10 divide 452130?
True
Does 15 divide 1305390?
True
Is 29 a factor of 294113?
False
Is 10 a factor of 63495?
False
Is 5 a factor of 7916555?
True
Is 205877 a multiple of 49?
False
Does 110 divide 34088?
False
Is 11 a factor of 150359?
True
Does 193 divide 55979?
False
Is 879956